16a3
In base 9, what is -851 + -187?
-1148
In base 14, what is b + 7c?
89
In base 14, what is -39 - -982?
947
In base 10, what is -3 + -37531?
-37534
In base 9, what is 4 - 6780?
-6775
In base 15, what is 61 + -355?
-2e4
In base 10, what is -22 - -133613?
133591
In base 13, what is b - 735?
-727
In base 10, what is 1166 + -493?
673
In base 9, what is -75 - -3836?
3751
In base 11, what is -11 + -3450?
-3461
In base 5, what is -303342141 - 3?
-303342144
In base 5, what is -1210 - -100?
-1110
In base 8, what is -3350 - -167?
-3161
In base 3, what is 12012 + 100220?
120002
In base 15, what is 29dc + -b?
29d1
In base 2, what is 110001110101 - 1100111101?
100100111000
In base 2, what is 11001011000 - 1?
11001010111
In base 7, what is -1 + -456350?
-456351
In base 12, what is 9b226 - 4?
9b222
In base 13, what is 2 - -4a46?
4a48
In base 11, what is 7578 + -5?
7573
In base 11, what is -3294a4 - 1?
-3294a5
In base 16, what is -c28 + -2c?
-c54
In base 7, what is -1 + 103401?
103400
In base 9, what is 322005 + -1?
322004
In base 7, what is -301232 - -152?
-301050
In base 16, what is 2 + 39954?
39956
In base 13, what is -68510 - 5?
-68515
In base 2, what is 100 - -11000000010?
11000000110
In base 6, what is 3 - -14044525?
14044532
In base 6, what is -30 - 1210?
-1240
In base 5, what is 110233442 + 13?
110234010
In base 8, what is 3 + -47011?
-47006
In base 9, what is 38820 + 3?
38823
In base 9, what is -281876 + 4?
-281872
In base 6, what is 11001 + -222?
10335
In base 12, what is -5 - 3a10?
-3a15
In base 8, what is 23 - -6601?
6624
In base 14, what is -555bb + -10?
-555cb
In base 5, what is -42 - 32031?
-32123
In base 10, what is 4 - -11940?
11944
In base 7, what is -5366 + 60?
-5306
In base 2, what is 101000101000 + 11000?
101001000000
In base 7, what is 2 - 1125550?
-1125545
In base 14, what is 0 - bb39?
-bb39
In base 4, what is 1 - 223021?
-223020
In base 14, what is d3 - -42?
135
In base 12, what is -1417 + 5?
-1412
In base 15, what is -14c89 - 6?
-14c90
In base 5, what is -1401321 - -2?
-1401314
In base 9, what is -65 + -1840?
-2015
In base 12, what is 3a3 + 3620?
3a03
In base 8, what is 4 + -5717?
-5713
In base 14, what is -6d06 + -16?
-6d1c
In base 12, what is 6 - 1656a?
-16564
In base 8, what is 237 + -236?
1
In base 4, what is 13 - 1302203230?
-1302203211
In base 9, what is 13448 - -845?
14404
In base 6, what is 1254435 + -4?
1254431
In base 15, what is -21b - 2?
-21d
In base 15, what is 546344 - 2?
546342
In base 11, what is 3 - 145?
-142
In base 4, what is -23022 + 10000?
-13022
In base 10, what is 2244 - -345?
2589
In base 12, what is 6a43 - 2?
6a41
In base 8, what is 1526 - 6?
1520
In base 15, what is 0 + eb9d5?
eb9d5
In base 15, what is 28b - 48?
243
In base 5, what is 1033042 + 1?
1033043
In base 5, what is 10 + 20433310?
20433320
In base 16, what is -2 - -df1?
def
In base 13, what is 6 - 1bb26?
-1bb20
In base 7, what is -23 - 2?
-25
In base 9, what is -215 - -1257?
1042
In base 2, what is 101 - 10110111111011?
-10110111110110
In base 5, what is -14 + 1121010?
1120441
In base 5, what is 1014 + -221442?
-220423
In base 13, what is 10 + -585b?
-584b
In base 3, what is -12 + -211022100212?
-211022101001
In base 5, what is 2 + 22230430?
22230432
In base 4, what is -113 - -200330?
200211
In base 10, what is 855920 + 3?
855923
In base 9, what is -3074 - -12?
-3062
In base 5, what is 3 + 122114?
122122
In base 15, what is 2 + 7c2c4?
7c2c6
In base 16, what is -fa + -ebf?
-fb9
In base 7, what is -4655 - 14?
-5002
In base 13, what is -745 - -2a3?
-472
In base 10, what is 102043 + -1?
102042
In base 2, what is -1001101111 + 100011101?
-101010010
In base 14, what is 41 + dd?
140
In base 13, what is -b767 - 45?
-b7ac
In base 3, what is 202012200 - -1?
202012201
In base 9, what is 21312 - 0?
21312
In base 11, what is -54 + -3136?
-318a
In base 13, what is -4 - 119bc?
-119c3
In base 13, what is 14b + -63?
b8
In base 12, what is 259a7 - -6?
259b1
In base 10, what is -1065 + 25?
-1040
In base 16, what is -1 - -ae?
ad
In base 16, what is 1a + 3d1?
3eb
In base 10, what is 22656 - 9?
22647
In base 5, what is -334 - -3232?
2343
In base 5, what is -120 - 1033?
-1203
In base 3, what is 2 - -1200210100010?
1200210100012
In base 13, what is -10ca7 + -5?
-10cac
In base 6, what is -3 + -4203?
-4210
In base 6, what is 230 + -242452?
-242222
In base 6, what is -1 - 12240?
-12241
In base 13, what is 3b941 + 6?
3b947
In base 11, what is -229 - -11906?
11688
In base 14, what is -5 + 10548?
10543
In base 8, what is 1210 + -1?
1207
In base 8, what is 2007 + -12?
1775
In base 15, what is 85 - -6?
8b
In base 14, what is -64333 - -1?
-64332
In base 10, what is 9 + -278448?
-278439
In base 7, what is -54 + -4046?
-4133
In base 16, what is -4 + -d7daa?
-d7dae
In base 3, what is -22 - 12021?
-12120
In base 2, what is -1101111111000 + 100?
-1101111110100
In base 14, what is 1a - -470ad?
470c9
In base 15, what is -148da2 + -4?
-148da6
In base 5, what is 221113 - 3?
221110
In base 11, what is 776668 - 1?
776667
In base 16, what is 2 - -fe50?
fe52
In base 8, what is -663236 + -12?
-663250
In base 4, what is 130100 - 32?
130002
In base 11, what is 77a9 - 7?
77a2
In base 4, what is 103212 - -10030?
113302
In base 4, what is -103023 - -11?
-103012
In base 12, what is -3024 - 81?
-30a5
In base 8, what is 125 - -73?
220
In base 11, what is -358a4 + -3?
-358a7
In base 15, what is -1de0 + -e?
-1dee
In base 11, what is 83 - -14125?
141a8
In base 8, what is 66 - -634?
722
In base 3, what is -1120011 + -2100101?
-10220112
In base 11, what is 2aa + -2099?
-189a
In base 6, what is 1 - 515505?
-515504
In base 10, what is -84662 + 0?
-84662
In base 9, what is -1278 - -285?
-883
In base 4, what is 11111112 + -11?
11111101
In base 14, what is 126 + -22d2?
-21aa
In base 10, what is 3 + 143556?
143559
In base 15, what is 648c - 4?
6488
In base 8, what is -15 + 12663?
12646
In base 13, what is 983 - c?
974
In base 11, what is -1aa4446 - 1?
-1aa4447
In base 3, what is -12 + -1201120021?
-1201120110
In base 7, what is -3 - -1246521?
1246515
In base 14, what is -1d + 27c55?
27c36
In base 10, what is -11 + -11849?
-11860
In base 14, what is -6 + 5507?
5501
In base 6, what is -2 - -1304400?
1304354
In base 10, what is -4 + -22101?
-22105
In base 4, what is 2113220301 - -1?
2113220302
In base 12, what is 3 + 287b51?
287b54
In base 16, what is -3e1 + 26?
-3bb
In base 7, what is 25 + 156114?
156142
In base 4, what is -330 + 2011333?
2011003
In base 11, what is 77 + -239?
-172
In base 15, what is 141 - 46c?
-32b
In base 3, what is 111 - 120111001?
-120110120
In base 8, what is -1 + -24640?
-24641
In base 2, what is -10 + -1100001010011101111?
-1100001010011110001
In base 2, what is 10 + -10111100001000101?
-10111100001000011
In base 6, what is -3455 - -14322?
10423
In base 15, what is 15cd37 + 1?
15cd38
In base 12, what is -1a1 - 118?
-2b9
In base 16, what is 0 - 6a626?
-6a626
In base 11, what is -5 + 41a9?
41a4
In base 10, what is -4 + -604591?
-604595
In base 15, what is -116843 - 0?
-116843
In base 11, what is 1 - -8826?
8827
In base 14, what is -92 + 97?
5
In base 11, what is 117 + -16977?
-16860
In base 4, what is -30021231 + -20?
-30021311
In base 11, what is -3472 - 22?
-3494
In base 6, what is 34 + -14213?
-14135
In base 13, what is cb + 193?
291
In base 13, what is 14 - -4709?
4720
In base 15, what is 2 + -1c98?
-1c96
In base 3, what is 1011121002101 - 11?
1011121002020
In base 4, what is -323313 - -13?
-323300
In base 6, what is 1010 - -1451?
2501
In base 7, what is -1442162 - 0?
-1442162
In base 5, what is 22321330 + -4?
22321321
In base 14, what is cc48a + 1?
cc48b
In base 2, what is 1010000000001011001 + 0?
1010000000001011001
In base 4, what is -101 + 22210?
22103
In base 10, what is -20 - 2227?
-2247
In base 5, what is 3 + 23440214?
23440222
In base 16, what is -1089 + -e5?
-116e
In base 6, what is 2 + -123520?
-123514
In base 15, what is -97 + 28?
-6e
In base 7, what is -6 + 145462?
145453
In base 4, what is 131 + 32123222?
32130013
In base 5, what is 2 - 421133?
-421131
In base 4, what is 1320020 - -211?
1320231
In base 3, what is -1001122 + -22?
-1001221
In base 2, what is -11 + 11001101011010?
11001101010111
In base 14, what is 30c - 7d?
26d
In base 12, what is -10906 - 145?
-10a4b
In ba